/(-32)). Let v = 921 - d. Is v a prime number?
True
Suppose -c = 5 - 4. Is c/((-2)/(-6) + (-1528)/4548) composite?
False
Let h = 1616 - -2467. Is h a prime number?
False
Let k be 30/(2 + (-5)/4). Is (-813)/(-5) - (-16)/k prime?
True
Let u be -3*1 - (-5082 + 6). Suppose u = 3*q + 108. Is q composite?
True
Let b be 40 - (0 - (3 + -6)). Suppose -5 = -3*y + b. Is (-12)/28 - (-9484)/y composite?
False
Let z = 11 - 1. Suppose 2*x + 0 = z. Let m(i) = 24*i + 7. Is m(x) composite?
False
Suppose 5*x - 13089 = 4596. Let d = -2148 + x. Is d a composite number?
True
Is 20684/(-6)*(-5)/(-10)*-3 prime?
True
Suppose 46*s - 230161 = 23*s. Is s prime?
True
Let y be (3 + 15/(-6))*-14. Let l(g) = 2*g**2 - 11*g - 6. Let k be l(y). Suppose -3*f + 0*f + 5*h + 472 = 0, 4*h = f - k. Is f composite?
False
Suppose 2*r + 2*s - 19346 = 0, -5687 + 44391 = 4*r + s. Is r prime?
True
Let v(u) be the first derivative of -u**4/4 - 14*u**3/3 - 5*u**2/2 + 7*u - 19. Is v(-15) composite?
False
Suppose -j + b = -b, -j = 3*b - 10. Suppose -4*f + m + 93 = -2*f, -j*f - 5*m = -193. Is f a composite number?
False
Let h(m) = -117*m**3 - 11*m**2 - 67*m + 5. Is h(-8) prime?
False
Suppose 6*f - 398 = -a + 11*f, 0 = -5*a - 4*f + 2077. Is a a composite number?
True
Let j(h) = h**2 + 2*h + 2. Let x be j(-2). Suppose x*l - 3*i = -7*i + 546, 4*i + 799 = 3*l. Is l composite?
False
Let u be 12/(-78) + 41/13. Suppose -127 - 29 = u*c + 2*a, 57 = -c + a. Let z = c - -181. Is z composite?
False
Let n(c) be the first derivative of c**3 - 7*c**2/2 - 4*c - 3. Let t be n(12). Suppose 0 = 3*b + 5*l - 332, 5*b = l + 256 + t. Is b a prime number?
False
Suppose 2*m - 5*l = 65079, -5*m - 2*l = -5*l - 162688. Is m prime?
True
Suppose 0 = -11*t + 32698 - 8124. Is t a prime number?
False
Let x(i) = 617*i - 72. Is x(5) composite?
True
Let t = -494 - -591. Is t prime?
True
Let u be (231/(-6))/((-2)/20). Let a(c) = c**2 + 5*c - 18. Let y be a(7). Let z = u - y. Is z a prime number?
False
Is -1*5/(-2)*(-215710)/(-925) a prime number?
False
Suppose 3*v + 5*w = 7*v + 136, -34 = v - 4*w. Is v/(356/(-116) - -3) a prime number?
False
Let w = 2360 + -1321. Let z = w + -678. Suppose z = 4*a - 5*l - 1100, 1785 = 5*a + 2*l. Is a a prime number?
True
Suppose 0 = -4*c + 4*f - 336, -c - 5*f = 73 - 1. Suppose -4*l + 44 = 280. Let m = l - c. Is m a prime number?
True
Let v(n) = -n**2 + 8*n - 1. Let c(k) = -k**3 - 8*k**2 - 9*k - 7. Let t be c(-7). Let b be v(t). Suppose -b = -3*r, 0*r + 5*r - 148 = -3*m. Is m a prime number?
False
Let y(d) = d. Let c be y(6). Let r be (-333)/c*340/(-15). Suppose -3*n + 4387 - r = 0. Is n a prime number?
False
Suppose 4*b - 15 - 5 = 0. Suppose b*x = x - 12. Is -4 + (0 - x)*23 prime?
False
Let a(k) = k**2 + 14*k - 7. Let b be a(-14). Is (-2 - -436)*(-5)/(b + -3) a prime number?
False
Suppose -2*y + u - 2*u = 289, 3*u + 9 = 0. Let g = 358 + y. Suppose 3*s - g = 2176. Is s composite?
False
Suppose -12941 = -9*g + 41644. Is g a prime number?
False
Let p(d) = -14821*d + 102. Is p(-1) prime?
True
Suppose 149*s = 185*s - 452484. Is s composite?
False
Let z = -27 + 37. Suppose 13*v = z*v + 393. Is v a composite number?
False
Let a(n) = n**3 - 9*n**2 - 6*n + 71. Is a(18) prime?
True
Suppose -10 = -2*a, -35 = -5*l - 0*a - 4*a. Suppose -2*h - l*h + g = -7302, -2928 = -2*h - 2*g. Is h a composite number?
True
Suppose -y + 1 + 5 = 0. Suppose y*c - c - 20 = 0. Suppose 4*k - 1172 = 3*d, d - 1172 = -0*k - c*k. Is k prime?
True
Suppose 20*y - 335298 - 84722 = 0. Is y a prime number?
True
Let h = 4839 - 1480. Is h a composite number?
False
Let l(y) = -8*y + 37 + 6*y + y. Suppose -2*t = -f + 2, -4*t - 4*f - 6 = -7*f. Is l(t) a composite number?
False
Suppose 2*z = 3*z - 5*v + 1, -5*v + 17 = 3*z. Suppose -6*r = -z*r - 8. Suppose j - 665 = -r*j. Is j a prime number?
False
Let t be 358 - (1 + -1) - -1. Let z be ((-732)/15)/((-1)/5). Let a = t - z. Is a a composite number?
True
Let h(k) = 6*k**2 + 4*k**2 - 2*k**2 + 0 + 3 + k. Is h(-4) composite?
False
Let v be 4/10 + 18/5. Suppose -x + v*x - 885 = 0. Is x a prime number?
False
Suppose 3*p = 2*p + 639. Suppose -2*a + k = -250, -5*a + 3*k - 4*k = -p. Is a a composite number?
False
Let t be ((-10)/5)/(10/(-65)). Let d(i) = 8*i**2 - 2*i + 35. Is d(t) a prime number?
True
Suppose -y + 0*y = 40. Is -2*(-4)/(y/(-3365)) a prime number?
True
Let f(c) = -179*c + 3. Is f(-2) prime?
False
Let q = -19 + 9. Let x be 1/(-2*(-1)/q). Let k(p) = -13*p - 12. Is k(x) composite?
False
Let g = 3 - -7. Let l(j) = 13*j**3 + 0 + g*j - 7*j - 3*j**2 + 0*j**2 + 2. Is l(3) composite?
True
Suppose -7*g = -4*g + 2*l - 3313, -4*l = 2*g - 2214. Is g a prime number?
True
Suppose 4*d - 3*i = -6*i + 5, 0 = -5*d - 2*i + 8. Suppose 0 = -d*b - 2 + 6. Suppose 206 = b*n - 332. Is n a prime number?
True
Let o(v) = -34*v**3 - 4*v**2 - 14*v + 5. Is o(-6) a prime number?
False
Suppose 1939 - 277 = u - 5*j, 3*j = -15. Suppose -3*y + u = -1654. Is y a prime number?
True
Let x = 3360 + -679. Is x a composite number?
True
Let i = -2578 + 4751. Is i prime?
False
Let r = -12 - -17. Let l(z) = z**3 + 4*z**2 + 5*z + 1. Is l(r) a prime number?
True
Suppose -3038 = -2*h - 0*h. Let o = 2362 - h. Is o prime?
False
Is 5 + 1463 + 3 + 1 + -7 composite?
True
Suppose 5*i + 84859 = 3*x + x, 0 = 5*x - 2*i - 106061. Is x a composite number?
False
Is 8501/((-96)/14 - -7) a composite number?
True
Let y(b) = -b + 1. Let t be y(1). Suppose t = -2*z - 7*z + 4221. Is z a prime number?
False
Suppose 8 = 4*z - 2*z. Let o(f) = -f**3 - 5*f**2 - 6*f. Let c be o(-2). Suppose -z*d + 836 = -c*d. Is d composite?
True
Let a be 0 + (-22 - 3)/(-5). Suppose 5*d = o - 23, -o + 5*o - 28 = 4*d. Suppose -5*c + 2*l = -335, 0 = o*c - a*c + 5*l + 155. Is c composite?
True
Let t = -24 + 29. Suppose -5*k + 159 + 1121 = t*p, -p + 5 = 0. Is k a composite number?
False
Let x = 3928 + 204. Suppose -x = -6*d + 290. Is d prime?
False
Suppose -3*h - 356 = -15047. Is h a composite number?
True
Suppose -2*k = -6*k + 16. Let m(u) = -u**2 - 31*u - 150. Let f be m(-25). Suppose k*s = -3*d + 269, -274 = -3*d - f*s + s. Is d a prime number?
False
Let u = 7 - 0. Let d be 453/u + 14/49. Let j = -12 + d. Is j a prime number?
True
Let i = 515 - 384. Is i a composite number?
False
Suppose -11*h + 1547 = -884. Is h a composite number?
True
Suppose 1648 + 3199 = h. Is h a composite number?
True
Let p(f) = -3093*f**3 - f**2 - f. Is p(-1) a prime number?
False
Suppose 172056 = 41*w - 17*w. Is w prime?
False
Let a(z) = -22*z + 3. Suppose 3*t = -2*i + 52, -2*i + 3*t = 2*t - 36. Let c be (3/6)/((-2)/i). Is a(c) composite?
False
Suppose -m = -5 - 2. Suppose -3*o = -m*o + 12. Suppose -57 = -o*d + 3*c, -4*c - 35 = 4*d - 111. Is d a composite number?
False
Suppose 4882 = 4*j - 5*z, 12*j + 5*z = 7*j + 6125. Is j a composite number?
False
Let p(m) be the first derivative of 17*m**3 + m**2/2 + 7*m - 8. Let v be p(5). Suppose v + 2525 = 4*t. Is t a prime number?
True
Suppose 3225 = 4*x - 383. Suppose -5*n - r + x = 0, 0*r + 2*r + 911 = 5*n. Is n composite?
False
Let a(c) be the first derivative of 21*c**2 + 4*c - 59. Is a(5) prime?
False
Let r(o) = -o**3 - 32*o**2 + 86*o + 41. Is r(-36) prime?
True
Suppose -3*j + 2 + 1 = 0. Let q be j/4 + (-7)/28. Suppose q = -5*t + t + 1676. Is t composite?
False
Let b be 1/(3/63*3). Let d be (-3 - 0) + (b - -1). Suppose 0 = d*g + 1019 - 3724. Is g prime?
True
Let j be -2*1*(-3)/(-2). Let m be (-14)/6 - -3 - (-354)/9. Let h = m - j. Is h prime?
True
Suppose 24*a - 53195 = 77317. Is a prime?
False
Let a(o) = -8*o + 5. Let f(k) = k + 1. Let n be f(1). Let x be 2/(n*2/(-8)). Is a(x) a composite number?
False
Suppose -5*c + 3*m = -42505, -2*c = 95*m - 92*m - 17002. Is c a prime number?
True
Let c(v) = v**3 - 20*v**2 - 29*v - 42. Is c(23) a prime number?
False
Suppose -6185 = -2*g - 3*t, -6*g + 15451 = -g - 4*t. Is g a composite number?
True
Let h(g) = 282*g**2 + 9*g + 1. Is h(-2) prime?
False
Suppose 8*r = 13*r + 5585. Let f = r - -1788. Is f a prime number?
False
Is (-71)/2*(-75 + 37) a composite number?
True
Suppose 0 = 3*a - 2*w - 42209, 3*a - 2*w - 3*w = 42194. Is a prime?
False
Let h(d) = -11*d**3 + 4*d**2 - 6*d - 1. Let n be h(-4). Suppose 0 = -3*k + n + 1078. Is k a prime number?
False
Suppose -5*u + 504 = -3*l, -3*u + 172 = l - 2*l. Suppose 5*z - 2*s + 4